{"id":469,"date":"2013-10-21T18:22:01","date_gmt":"2013-10-21T16:22:01","guid":{"rendered":"https:\/\/olearnik.pl\/witamy\/?page_id=469"},"modified":"2023-06-17T12:14:34","modified_gmt":"2023-06-17T10:14:34","slug":"na-czym-sie-znam-co-potrafie","status":"publish","type":"page","link":"https:\/\/olearnik.pl\/witamy\/o-nas\/na-czym-sie-znam-co-potrafie\/","title":{"rendered":"Na czym si\u0119 znam, co potrafi\u0119"},"content":{"rendered":"<p>Znam si\u0119 na zarz\u0105dzaniu i marketingu &#8211; to najwa\u017cniejsza domena mojej pracy akademickiej. Dojrzewa\u0142em naukowo w \u015bwiecie rynku, konsumpcji, handlu i marketingu \u2013 tak kszta\u0142towali mnie moi mistrzowie \u2013 Profesorowie Teodor i J\u00f3zefa Kramerowie. Doskona\u0142o\u015b\u0107 warsztatu naukowego podgl\u0105da\u0142em u Profesora Leszka \u017babi\u0144skiego. By\u0142em tak\u017ce praktykuj\u0105cym mened\u017cerem, zarz\u0105dza\u0142em dwoma instytutami naukowymi, sp\u00f3\u0142kami, uczelni\u0105, w\u0142asn\u0105 firm\u0105. Nie by\u0142o \u0142atwo, ale skutecznie.<\/p>\n<p>Znam si\u0119 na szeroko poj\u0119tych us\u0142ugach &#8211; to by\u0142 m\u00f3j pierwszy naukowy ogr\u00f3d, kt\u00f3ry uprawia\u0142em pod kierunkiem Profesor Anieli Sty\u015b, o us\u0142ugach napisa\u0142em doktorat i habilitacj\u0119 oraz par\u0119 ksi\u0105\u017cek i artyku\u0142\u00f3w.<\/p>\n<p>Znam si\u0119 na przedsi\u0119biorczo\u015bci i biznesie \u2013 to jest owoc mojej pracy konsultingowej, a moja wiedza bierze si\u0119 tu g\u0142\u00f3wnie z praktyki.<\/p>\n<p>Znam si\u0119 naukowo i praktycznie na turystyce, poniewa\u017c przepracowa\u0142em 10 lat w Zak\u0142adzie Turystyki AWF we Wroc\u0142awiu, a ponadto sam jestem zapalonym turyst\u0105.<\/p>\n<p>Gdybym mia\u0142 najkr\u00f3cej okre\u015bli\u0107 moj\u0105 specjalizacj\u0119 i najwi\u0119ksz\u0105 pasj\u0119, to u\u017cy\u0142bym trzech s\u0142\u00f3w: ZARZ\u0104DZANIE \u2013 PRZEDSI\u0118BIORCZO\u015a\u0106 \u2013 MARKETING.<\/p>\n<p>Mam troch\u0119 wiary w to, \u017ce znam si\u0119 na poezji. Pisz\u0119 wiersze, teksty piosenek, wierszyki, fraszki, itp. Ukaza\u0142y si\u0119 dwa tomiki moich wierszy. Staram si\u0119 by\u0107 troch\u0119 powa\u017cny, troch\u0119 zabawny.<\/p>\n","protected":false},"excerpt":{"rendered":"<p>Znam si\u0119 na zarz\u0105dzaniu i marketingu &#8211; to najwa\u017cniejsza domena mojej pracy akademickiej. Dojrzewa\u0142em naukowo w \u015bwiecie rynku, konsumpcji, handlu i marketingu \u2013 tak kszta\u0142towali mnie moi mistrzowie \u2013 Profesorowie Teodor i J\u00f3zefa Kramerowie. Doskona\u0142o\u015b\u0107 warsztatu naukowego podgl\u0105da\u0142em u Profesora Leszka \u017babi\u0144skiego. By\u0142em tak\u017ce praktykuj\u0105cym mened\u017cerem, zarz\u0105dza\u0142em dwoma instytutami naukowymi, sp\u00f3\u0142kami, uczelni\u0105, w\u0142asn\u0105 firm\u0105. Nie &hellip; <a href=\"https:\/\/olearnik.pl\/witamy\/o-nas\/na-czym-sie-znam-co-potrafie\/\">Continue reading &rarr;<\/a><\/p>\n","protected":false},"author":2,"featured_media":0,"parent":67,"menu_order":0,"comment_status":"closed","ping_status":"closed","template":"","meta":{"footnotes":""},"_links":{"self":[{"href":"https:\/\/olearnik.pl\/witamy\/wp-json\/wp\/v2\/pages\/469"}],"collection":[{"href":"https:\/\/olearnik.pl\/witamy\/wp-json\/wp\/v2\/pages"}],"about":[{"href":"https:\/\/olearnik.pl\/witamy\/wp-json\/wp\/v2\/types\/page"}],"author":[{"embeddable":true,"href":"https:\/\/olearnik.pl\/witamy\/wp-json\/wp\/v2\/users\/2"}],"replies":[{"embeddable":true,"href":"https:\/\/olearnik.pl\/witamy\/wp-json\/wp\/v2\/comments?post=469"}],"version-history":[{"count":9,"href":"https:\/\/olearnik.pl\/witamy\/wp-json\/wp\/v2\/pages\/469\/revisions"}],"predecessor-version":[{"id":1208,"href":"https:\/\/olearnik.pl\/witamy\/wp-json\/wp\/v2\/pages\/469\/revisions\/1208"}],"up":[{"embeddable":true,"href":"https:\/\/olearnik.pl\/witamy\/wp-json\/wp\/v2\/pages\/67"}],"wp:attachment":[{"href":"https:\/\/olearnik.pl\/witamy\/wp-json\/wp\/v2\/media?parent=469"}],"curies":[{"name":"wp","href":"https:\/\/api.w.org\/{rel}","templated":true}]}}