{"id":1095,"date":"2020-11-29T21:25:50","date_gmt":"2020-11-29T20:25:50","guid":{"rendered":"https:\/\/olearnik.pl\/witamy\/?page_id=1095"},"modified":"2021-11-11T21:35:44","modified_gmt":"2021-11-11T20:35:44","slug":"anioly-w-swiecie-ludzi","status":"publish","type":"page","link":"https:\/\/olearnik.pl\/witamy\/rozmaitosci\/anioly-w-swiecie-ludzi\/","title":{"rendered":"Anio\u0142y w \u015bwiecie ludzi"},"content":{"rendered":"<p>Ksi\u0105\u017cka &#8222;Anio\u0142y w \u015bwiecie ludzi&#8221; jest zbiorem rymowanych wierszyk\u00f3w z mora\u0142em, nawi\u0105zuj\u0105cych do aktualnych spraw i wydarze\u0144. Bohaterami s\u0105 anio\u0142y, kt\u00f3re w naszym \u015bwiecie do\u015bwiadczaj\u0105 przyg\u00f3d i dziwnych dla nich zdarze\u0144. S\u0105 sympatyczne w naiwnym zak\u0142opotaniu, bywaj\u0105 te\u017c \u015bmieszne w upartych pr\u00f3bach zrozumienia naszego ludzkiego \u015bwiata. Na swej drodze anio\u0142y spotykaj\u0105 swoich oponent\u00f3w, czyli diab\u0142y, czasem kontaktuj\u0105 si\u0119 ze swoim G\u0142\u00f3wnym Szefem, pr\u00f3buj\u0105c sprosta\u0107 naszym ludzkim problemom. Sytuacje z kt\u00f3rymi zderzaj\u0105 si\u0119 anio\u0142y s\u0105 te\u017c nie\u0142atwe dla nas \u2014 ludzi. Zatem cho\u0107 jest to ksi\u0105\u017cka o anio\u0142ach, to nade wszystko s\u0105 to wierszyki dla ludzi, im pomocne.<\/p>\n<p>Ksi\u0105\u017ck\u0119 mo\u017cna zakupi\u0107 w postaci elektronicznej lub papierowej korzystaj\u0105c z linka: <a href=\"https:\/\/ridero.eu\/pl\/books\/anioly_w_swiecie_ludzi\" rel=\"noopener\" target=\"_blank\">https:\/\/ridero.eu\/pl\/books\/anioly_w_swiecie_ludzi<\/a><\/p>\n<p>Mo\u017cna te\u017c poprosi\u0107 autora mailem janusz@olearnik.pl wysy\u0142aj\u0105c symboliczn\u0105 dowoln\u0105 kwot\u0119 na poczet powstania kolejnych tomik\u00f3w.<\/p>\n<p>Oto pr\u00f3bki wierszyk\u00f3w.<\/p>\n<p><strong>Po\u017cyczka anielska<\/strong><\/p>\n<p>Kiedy\u015b anio\u0142 si\u0119 zasiedzia\u0142<br \/>\nw mi\u0142ej restauracji,<br \/>\nsp\u00f3\u017ani\u0142 biedak si\u0119 na poci\u0105g<br \/>\ndo niebia\u0144skiej stacji.<\/p>\n<p>Co tu robi\u0107 w tym miasteczku,<br \/>\nkiedy ju\u017c dziewi\u0105ta?<br \/>\nUsiad\u0142 anio\u0142 na \u0142aweczce,<br \/>\na tu menel z k\u0105ta.<\/p>\n<p>I tak m\u00f3wi do anio\u0142a:<br \/>\n\u201eszanowny kolego,<br \/>\npo\u017cycz pi\u0105tk\u0119 na jabola<br \/>\nlub co\u015b mocniejszego\u201d.<\/p>\n<p>By\u0142 to anio\u0142 z Los Angeles,<br \/>\nmia\u0142 tylko dolary.<br \/>\nMenel dosta\u0142 swoj\u0105 pi\u0105tk\u0119,<br \/>\nkupi\u0142 dwa browary.<\/p>\n<p>Wtedy \u017cal mu si\u0119 zrobi\u0142o,<br \/>\nm\u00f3g\u0142 o st\u00f3wk\u0119 krzykn\u0105\u0107!<br \/>\nWraca menel na \u0142aweczk\u0119,<br \/>\nale anio\u0142 znikn\u0105\u0142.<\/p>\n<p>Wi\u0119c na koniec tej bajeczki<br \/>\ntaki mora\u0142 si\u0119 wynurza:<br \/>\nkiedy spotkasz ju\u017c anio\u0142a,<br \/>\nto od razu pro\u015b o du\u017co.<\/p>\n<p><strong>\u015apioch wigilijny<\/strong><\/p>\n<p>Gdzie\u015b tam w noc przedwigilijn\u0105<br \/>\npewien anio\u0142 nie spa\u0142 wcale,<br \/>\nbo zam\u00f3wi\u0142 sobie netflix,<br \/>\nogl\u0105da\u0142 seriale.<\/p>\n<p>A gdy gwiazdy betlejemskiej<br \/>\nju\u017c na niebie blask rozb\u0142ysn\u0105\u0142,<br \/>\nto anio\u0142y &#8211; do Betlejem,<br \/>\na ten jeden przysn\u0105\u0142.<\/p>\n<p>I nie spotka\u0142 Jezusika,<br \/>\nco tam wtedy si\u0119 narodzi\u0142\u2026<br \/>\nWida\u0107 nocka nieprzespana<br \/>\nte\u017c anio\u0142om szkodzi.<\/p>\n<p>Jako mora\u0142 przekazuj\u0119<br \/>\ntakie ostrze\u017cenie:<br \/>\nnie ogl\u0105daj telewizji<br \/>\nw Bo\u017ce Narodzenie.<\/p>\n<p><strong>Niefortunni pomocnicy<\/strong><\/p>\n<p>W noc styczniow\u0105 dwa anio\u0142y<br \/>\nprzystan\u0119\u0142y nagle w biegu.<br \/>\nPatrz\u0105 z g\u00f3ry zadziwione,<br \/>\nczemu w Polsce nie ma \u015bniegu?<\/p>\n<p>Skoro zima &#8211; \u015bnieg by\u0107 musi!<br \/>\nPrzecie\u017c zawsze tak si\u0119 dzia\u0142o!<br \/>\nTrzeba ludziom jako\u015b pom\u00f3c,<br \/>\n\u017ceby wsz\u0119dzie by\u0142o bia\u0142o.<\/p>\n<p>Zadzwoni\u0142y tam gdzie trzeba<br \/>\n&#8211; ju\u017c obficie \u015bnie\u017cek leci&#8230;<br \/>\nI zrobi\u0142y nam na ziemi<br \/>\n\u015bnie\u017cn\u0105 zim\u0119 tysi\u0105clecia!<\/p>\n<p>Zasypane miasta wioski,<br \/>\nNie ma wody, nie ma chleba,<br \/>\na anio\u0142y zadziwione<br \/>\npatrz\u0105 na to smutno z nieba.<\/p>\n<p>Wi\u0119c na koniec tego wiersza<br \/>\ntaki mora\u0142 nam tu skrzeczy:<br \/>\nnie bierz si\u0119 za pomaganie<br \/>\nkiedy nie znasz si\u0119 na rzeczy.<\/p>\n<p><a href=\"https:\/\/olearnik.pl\/witamy\/nowa-ksiazka-anioly-w-swiecie-ludzi\/aniolywswiecieludzi\/\" rel=\"attachment wp-att-1115\"><img loading=\"lazy\" decoding=\"async\" src=\"https:\/\/olearnik.pl\/witamy\/wp-content\/uploads\/2020\/12\/AniolyWSwiecieLudzi.jpg\" alt=\"\" width=\"318\" height=\"450\" class=\"alignleft size-full wp-image-1115\" srcset=\"https:\/\/olearnik.pl\/witamy\/wp-content\/uploads\/2020\/12\/AniolyWSwiecieLudzi.jpg 318w, https:\/\/olearnik.pl\/witamy\/wp-content\/uploads\/2020\/12\/AniolyWSwiecieLudzi-212x300.jpg 212w\" sizes=\"(max-width: 318px) 100vw, 318px\" \/><\/a><\/p>\n","protected":false},"excerpt":{"rendered":"<p>Ksi\u0105\u017cka &#8222;Anio\u0142y w \u015bwiecie ludzi&#8221; jest zbiorem rymowanych wierszyk\u00f3w z mora\u0142em, nawi\u0105zuj\u0105cych do aktualnych spraw i wydarze\u0144. Bohaterami s\u0105 anio\u0142y, kt\u00f3re w naszym \u015bwiecie do\u015bwiadczaj\u0105 przyg\u00f3d i dziwnych dla nich zdarze\u0144. S\u0105 sympatyczne w naiwnym zak\u0142opotaniu, bywaj\u0105 te\u017c \u015bmieszne w upartych pr\u00f3bach zrozumienia naszego ludzkiego \u015bwiata. Na swej drodze anio\u0142y spotykaj\u0105 swoich oponent\u00f3w, czyli diab\u0142y, &hellip; <a href=\"https:\/\/olearnik.pl\/witamy\/rozmaitosci\/anioly-w-swiecie-ludzi\/\">Continue reading &rarr;<\/a><\/p>\n","protected":false},"author":3,"featured_media":0,"parent":121,"menu_order":0,"comment_status":"closed","ping_status":"closed","template":"","meta":{"footnotes":""},"_links":{"self":[{"href":"https:\/\/olearnik.pl\/witamy\/wp-json\/wp\/v2\/pages\/1095"}],"collection":[{"href":"https:\/\/olearnik.pl\/witamy\/wp-json\/wp\/v2\/pages"}],"about":[{"href":"https:\/\/olearnik.pl\/witamy\/wp-json\/wp\/v2\/types\/page"}],"author":[{"embeddable":true,"href":"https:\/\/olearnik.pl\/witamy\/wp-json\/wp\/v2\/users\/3"}],"replies":[{"embeddable":true,"href":"https:\/\/olearnik.pl\/witamy\/wp-json\/wp\/v2\/comments?post=1095"}],"version-history":[{"count":10,"href":"https:\/\/olearnik.pl\/witamy\/wp-json\/wp\/v2\/pages\/1095\/revisions"}],"predecessor-version":[{"id":1156,"href":"https:\/\/olearnik.pl\/witamy\/wp-json\/wp\/v2\/pages\/1095\/revisions\/1156"}],"up":[{"embeddable":true,"href":"https:\/\/olearnik.pl\/witamy\/wp-json\/wp\/v2\/pages\/121"}],"wp:attachment":[{"href":"https:\/\/olearnik.pl\/witamy\/wp-json\/wp\/v2\/media?parent=1095"}],"curies":[{"name":"wp","href":"https:\/\/api.w.org\/{rel}","templated":true}]}}